it of 427246583?
2
What is the ten millions digit of 144602617?
4
What is the units digit of 3012408552?
2
What is the ten thousands digit of 165767982?
6
What is the units digit of 68192244?
4
What is the hundred millions digit of 4080184020?
0
What is the tens digit of 18697782?
8
What is the thousands digit of 18872493?
2
What is the tens digit of 466305979?
7
What is the hundred millions digit of 4129658182?
1
What is the billions digit of 2848226455?
2
What is the ten thousands digit of 62869032?
6
What is the ten thousands digit of 5432508?
3
What is the hundred thousands digit of 37127607?
1
What is the thousands digit of 197929967?
9
What is the thousands digit of 13700615?
0
What is the ten millions digit of 24889484?
2
What is the tens digit of 2520880686?
8
What is the hundred millions digit of 299870186?
2
What is the hundred millions digit of 2441376427?
4
What is the tens digit of 130417964?
6
What is the millions digit of 212206210?
2
What is the tens digit of 303663607?
0
What is the ten thousands digit of 294858145?
5
What is the tens digit of 695812068?
6
What is the hundreds digit of 264512826?
8
What is the tens digit of 1731252386?
8
What is the millions digit of 4879135491?
9
What is the hundred thousands digit of 46529739?
5
What is the millions digit of 4852473393?
2
What is the thousands digit of 80287254?
7
What is the hundred millions digit of 244606420?
2
What is the hundreds digit of 265911629?
6
What is the millions digit of 611653388?
1
What is the thousands digit of 6660803?
0
What is the millions digit of 409051855?
9
What is the millions digit of 6155946761?
5
What is the units digit of 116055973?
3
What is the hundred thousands digit of 16031220?
0
What is the millions digit of 962200963?
2
What is the tens digit of 213060341?
4
What is the ten millions digit of 959577416?
5
What is the thousands digit of 98552520?
2
What is the ten thousands digit of 1579880285?
8
What is the thousands digit of 35498885?
8
What is the units digit of 882891272?
2
What is the thousands digit of 8229150?
9
What is the ten millions digit of 1365652888?
6
What is the hundred thousands digit of 57226976?
2
What is the units digit of 571513820?
0
What is the ten millions digit of 104022134?
0
What is the thousands digit of 766524299?
4
What is the ten millions digit of 580307136?
8
What is the tens digit of 1394989877?
7
What is the tens digit of 50060970?
7
What is the hundreds digit of 27582702?
7
What is the ten thousands digit of 152759348?
5
What is the hundred thousands digit of 8262106?
2
What is the ten millions digit of 20887538?
2
What is the thousands digit of 15668702?
8
What is the ten millions digit of 60911776?
6
What is the ten thousands digit of 920821698?
2
What is the hundred thousands digit of 983899286?
8
What is the hundred thousands digit of 300228021?
2
What is the tens digit of 31381820?
2
What is the ten thousands digit of 1257604347?
0
What is the ten millions digit of 4078236624?
7
What is the tens digit of 1332213507?
0
What is the hundreds digit of 74255198?
1
What is the millions digit of 126854553?
6
What is the hundred thousands digit of 6896103368?
1
What is the hundred thousands digit of 39570112?
5
What is the millions digit of 83734144?
3
What is the billions digit of 6993111132?
6
What is the ten millions digit of 102063070?
0
What is the ten thousands digit of 337859056?
5
What is the units digit of 71182685?
5
What is the tens digit of 438550713?
1
What is the hundreds digit of 46613259?
2
What is the millions digit of 186865198?
6
What is the millions digit of 311141053?
1
What is the ten thousands digit of 1202254665?
5
What is the units digit of 735697845?
5
What is the millions digit of 196331331?
6
What is the units digit of 46213327?
7
What is the hundred millions digit of 391225752?
3
What is the tens digit of 1886911495?
9
What is the hundreds digit of 69995281?
2
What is the ten thousands digit of 295671137?
7
What is the hundred thousands digit of 262509991?
5
What is the tens digit of 785500290?
9
What is the ten millions digit of 154021299?
5
What is the ten thousands digit of 645000414?
0
What is the hundreds digit of 225521241?
2
What is the millions digit of 169939030?
9
What is the hundred thousands digit of 105638265?
6
What is the tens digit of 3814754706?
0
What is the units digit of 41190740?
0
What is the thousands digit of 89497290?
7
What is the units digit of 41906859?
9
What is the millions digit of 2378803382?
8
What is the ten millions digit of 3708753486?
0
What is the tens digit of 27743041?
4
What is the hundred millions digit of 454395054?
4
What is the millions digit of 40911476?
0
What is the tens digit of 5716443187?
8
What is the ten millions digit of 23778101?
2
What is the ten millions digit of 266197684?
6
What is the units digit of 90728998?
8
What is the ten thousands digit of 3218656355?
5
What is the hundred millions digit of 654380691?
6
What is the millions digit of 10199642?
0
What is the units digit of 11812444?
4
What is the ten millions digit of 72773535?
7
What is the thousands digit of 6990609?
0
What is the ten thousands digit of 4000176?
0
What is the hundreds digit of 86296241?
2
What is the hundred thousands digit of 80060268?
0
What is the tens digit of 323925064?
6
What is the units digit of 488325809?
9
What is the hundred thousands digit of 21933700?
9
What is the ten millions digit of 41210423?
4
What is the hundred thousands digit of 535704203?
7
What is the thousands digit of 30145871?
5
What is the tens digit of 951646307?
0
What is the ten millions digit of 893008643?
9
What is the ten thousands digit of 71518768?
1
What is the tens digit of 84421842?
4
What is the hundred millions digit of 112962429?
1
What is the units digit of 241666565?
5
What is the hundred thousands digit of 120993514?
9
What is the hundred millions digit of 3402008624?
4
What is the hundreds digit of 41128070?
0
What is the units digit of 116205605?
5
What is the ten millions digit of 62037040?
6
What is the millions digit of 300266359?
0
What is the thousands digit of 39294759?
4
What is the hundred thousands digit of 995669355?
6
What is the hundred millions digit of 4014673508?
0
What is the ten thousands digit of 1859249493?
4
What is the units digit of 205991586?
6
What is the hundreds digit of 196657809?
8
What is the thousands digit of 3217954090?
4
What is the hundreds digit of 134993603?
6
What is the millions digit of 48789035?
8
What is the thousands digit of 123251691?
1
What is the ten thousands digit of 2309462075?
6
What is the thousands digit of 142071795?
1
What is the hundred thousands digit of 8497955251?
9
What is the tens digit of 66433729?
2
What is the ten thousands digit of 40561682?
6
What is the ten millions digit of 13949520?
1
What is the millions digit of 339472164?
9
What is the ten millions digit of 227500509?
2
What is the ten millions digit of 50293620?
5
What is the millions digit of 202568321?
2
What is the hundreds digit of 21475784?
7
What is the ten thousands digit of 306545175?
4
What is the units digit of 100043637?
7
What is the tens digit of 39313900?
0
What is the ten millions digit of 2566001769?
6
What is the hundreds digit of 2676290605?
6
What is the hundreds digit of 2912434135?
1
What is the tens digit of 225558445?
4
What is the thousands digit of 124489074?
9
What is the ten thousands digit of 260702552?
0
What is the hundred thousands digit of 253910040?
9
What is the millions digit of 33392120?
3
What is the hundreds digit of 556265317?
3
What is the ten millions digit of 82476768?
8
What is the millions digit of 37556965?
7
What is the hundreds digit of 362239999?
9
What is the thousands digit of 3361660585?
0
What is the ten millions digit of 24595890?
2
What is the millions digit of 5351104?
5
What is the hundred millions digit of 301886132?
3
What is the billions digit of 8444163423?
8
What is the millions digit of 17251326?
7
What is the hundreds digit of 435221516?
5
What is the hundred thousands digit of 1045023813?
0
What is the ten millions digit of 953515722?
5
What is the ten thousands digit of 752879406?
7
What is the hundred millions digit of 3245239656?
2
What is the ten thousands digit